igit of 162634464?
4
What is the thousands digit of 302290690?
0
What is the ten millions digit of 4498603300?
9
What is the millions digit of 2081712567?
1
What is the ten thousands digit of 864955839?
5
What is the units digit of 3111110615?
5
What is the millions digit of 8396161281?
6
What is the hundreds digit of 4924735?
7
What is the hundred thousands digit of 81992210?
9
What is the tens digit of 83537143?
4
What is the ten thousands digit of 38887760?
8
What is the tens digit of 269747412?
1
What is the units digit of 13201262?
2
What is the ten thousands digit of 547679160?
7
What is the tens digit of 55608547?
4
What is the ten millions digit of 260414173?
6
What is the ten thousands digit of 637796653?
9
What is the units digit of 69797715?
5
What is the hundred thousands digit of 49735876?
7
What is the thousands digit of 482303400?
3
What is the tens digit of 877608633?
3
What is the thousands digit of 11774744?
4
What is the ten millions digit of 676615045?
7
What is the thousands digit of 63646663?
6
What is the tens digit of 2665762758?
5
What is the tens digit of 3169494377?
7
What is the ten millions digit of 35894431?
3
What is the hundred millions digit of 438303170?
4
What is the hundred millions digit of 404816365?
4
What is the ten thousands digit of 67208414?
0
What is the hundreds digit of 154537811?
8
What is the ten millions digit of 893005994?
9
What is the hundreds digit of 109976055?
0
What is the hundreds digit of 35524333?
3
What is the units digit of 192005293?
3
What is the thousands digit of 101808868?
8
What is the hundreds digit of 658581851?
8
What is the ten millions digit of 5991558016?
9
What is the ten thousands digit of 76798005?
9
What is the millions digit of 410972006?
0
What is the millions digit of 309145822?
9
What is the hundred thousands digit of 84246654?
2
What is the ten millions digit of 43013363?
4
What is the ten thousands digit of 1278890618?
9
What is the hundreds digit of 208949352?
3
What is the units digit of 635191231?
1
What is the hundreds digit of 45069128?
1
What is the ten millions digit of 12208962?
1
What is the ten millions digit of 82236165?
8
What is the tens digit of 38203388?
8
What is the millions digit of 241635894?
1
What is the billions digit of 1331788644?
1
What is the hundred thousands digit of 1254975044?
9
What is the thousands digit of 2327963936?
3
What is the millions digit of 783186848?
3
What is the thousands digit of 100948390?
8
What is the ten millions digit of 4265801384?
6
What is the hundreds digit of 27793155?
1
What is the tens digit of 315783606?
0
What is the tens digit of 384614878?
7
What is the ten thousands digit of 54565877?
6
What is the thousands digit of 1753870135?
0
What is the millions digit of 2067998221?
7
What is the ten millions digit of 197079871?
9
What is the ten thousands digit of 34936360?
3
What is the hundred thousands digit of 3194057967?
0
What is the thousands digit of 44991077?
1
What is the ten thousands digit of 38595562?
9
What is the hundred thousands digit of 7001654771?
6
What is the hundreds digit of 38330485?
4
What is the thousands digit of 1973900096?
0
What is the millions digit of 298104987?
8
What is the hundreds digit of 6702309458?
4
What is the ten thousands digit of 4415276328?
7
What is the ten thousands digit of 2752504814?
0
What is the units digit of 479389200?
0
What is the thousands digit of 1158489205?
9
What is the thousands digit of 1139608825?
8
What is the hundred thousands digit of 690750474?
7
What is the hundred thousands digit of 65280832?
2
What is the units digit of 2735771018?
8
What is the ten millions digit of 412619839?
1
What is the millions digit of 62546681?
2
What is the hundred millions digit of 2067329239?
0
What is the hundred thousands digit of 9813471?
8
What is the tens digit of 349818313?
1
What is the units digit of 541219714?
4
What is the millions digit of 9941859?
9
What is the billions digit of 1156888903?
1
What is the ten thousands digit of 220479195?
7
What is the thousands digit of 55057941?
7
What is the hundred thousands digit of 6612759?
6
What is the tens digit of 743973488?
8
What is the ten thousands digit of 2075410685?
1
What is the millions digit of 27423049?
7
What is the millions digit of 42592697?
2
What is the ten millions digit of 573433688?
7
What is the ten thousands digit of 11659210?
5
What is the millions digit of 82333500?
2
What is the tens digit of 817662281?
8
What is the ten millions digit of 1651803639?
5
What is the ten thousands digit of 7446247?
4
What is the tens digit of 41399315?
1
What is the hundred thousands digit of 5806911497?
9
What is the hundred thousands digit of 17626682?
6
What is the units digit of 1463584831?
1
What is the millions digit of 11563238?
1
What is the tens digit of 41897500?
0
What is the hundreds digit of 3098628?
6
What is the hundred thousands digit of 17145749?
1
What is the thousands digit of 70919736?
9
What is the hundred millions digit of 689521554?
6
What is the millions digit of 68318347?
8
What is the thousands digit of 222249600?
9
What is the ten thousands digit of 61670434?
7
What is the ten thousands digit of 972930553?
3
What is the tens digit of 391463647?
4
What is the units digit of 8707417?
7
What is the tens digit of 631120407?
0
What is the millions digit of 1946062404?
6
What is the ten thousands digit of 1735569366?
6
What is the tens digit of 54573141?
4
What is the tens digit of 145598076?
7
What is the millions digit of 374057044?
4
What is the units digit of 367791737?
7
What is the hundred thousands digit of 125301521?
3
What is the hundreds digit of 245887890?
8
What is the tens digit of 908863445?
4
What is the hundred millions digit of 947071582?
9
What is the hundreds digit of 929362536?
5
What is the hundred thousands digit of 9306654?
3
What is the thousands digit of 29570606?
0
What is the hundreds digit of 99795470?
4
What is the hundred thousands digit of 2416972954?
9
What is the ten millions digit of 8661725533?
6
What is the hundreds digit of 183418997?
9
What is the thousands digit of 19937599?
7
What is the billions digit of 1318952159?
1
What is the thousands digit of 19247230?
7
What is the millions digit of 5667829664?
7
What is the ten thousands digit of 19287743?
8
What is the hundred millions digit of 1769734918?
7
What is the thousands digit of 202633494?
3
What is the ten thousands digit of 137649444?
4
What is the hundred millions digit of 122329639?
1
What is the ten millions digit of 530916956?
3
What is the hundreds digit of 2491094502?
5
What is the ten thousands digit of 2550705650?
0
What is the millions digit of 224003099?
4
What is the hundreds digit of 51431586?
5
What is the tens digit of 21878568?
6
What is the units digit of 953058843?
3
What is the ten millions digit of 511780249?
1
What is the hundreds digit of 5152742?
7
What is the hundred thousands digit of 85586414?
5
What is the thousands digit of 510958614?
8
What is the ten millions digit of 29226478?
2
What is the hundred millions digit of 245564510?
2
What is the thousands digit of 154867582?
7
What is the ten thousands digit of 447529365?
2
What is the hundred millions digit of 130089787?
1
What is the hundred millions digit of 6778023462?
7
What is the thousands digit of 498762112?
2
What is the hundreds digit of 517744373?
3
What is the hundred thousands digit of 636306718?
3
What is the thousands digit of 233603161?
3
What is the ten thousands digit of 2661966?
6
What is the millions digit of 121396105?
1
What is the hundred thousands digit of 1985756756?
7
What is the ten millions digit of 258591976?
5
What is the hundreds digit of 118087903?
9
What is the hundred millions digit of 7564770329?
5
What is the hundreds digit of 5999594?
5
What is the tens digit of 1788937297?
9
What is the ten millions digit of 1365879974?
6
What is the ten thousands digit of 527722775?
2
What is the millions digit of 59247115?
9
What is the thousands digit of 18004527?
4
What is the tens digit of 812786107?
0
What is the millions digit of 2535018774?
5
What is the ten millions digit of 65928397?
6
What is the billions digit of 4357779399?
4
What is the millions digit of 44805282?
4
What is th